{"id":4830,"date":"2025-02-18T21:10:54","date_gmt":"2025-02-19T00:10:54","guid":{"rendered":"https:\/\/svr.sbc.org.br\/2025\/?page_id=4830"},"modified":"2025-08-27T15:58:48","modified_gmt":"2025-08-27T18:58:48","slug":"workshops","status":"publish","type":"page","link":"https:\/\/svr.sbc.org.br\/2025\/index.php\/workshops\/","title":{"rendered":"Workshops"},"content":{"rendered":"\t\t<div data-elementor-type=\"wp-page\" data-elementor-id=\"4830\" class=\"elementor elementor-4830\">\n\t\t\t\t<div class=\"elementor-element elementor-element-d3dba43 e-con-full e-flex e-con e-parent\" data-id=\"d3dba43\" data-element_type=\"container\" data-e-type=\"container\" data-settings=\"{&quot;background_background&quot;:&quot;classic&quot;}\">\n\t\t\t\t<div class=\"elementor-element elementor-element-dcc7e8f elementor-widget elementor-widget-heading\" data-id=\"dcc7e8f\" data-element_type=\"widget\" data-e-type=\"widget\" data-widget_type=\"heading.default\">\n\t\t\t\t<div class=\"elementor-widget-container\">\n\t\t\t\t\t<h2 class=\"elementor-heading-title elementor-size-default\">Workshops - Call for Posters<\/h2>\t\t\t\t<\/div>\n\t\t\t\t<\/div>\n\t\t<div class=\"elementor-element elementor-element-5a198e1 e-flex e-con-boxed e-con e-child\" data-id=\"5a198e1\" data-element_type=\"container\" data-e-type=\"container\">\n\t\t\t\t\t<div class=\"e-con-inner\">\n\t\t\t\t<div class=\"elementor-element elementor-element-5e14c00 elementor-widget elementor-widget-heading\" data-id=\"5e14c00\" data-element_type=\"widget\" data-e-type=\"widget\" data-widget_type=\"heading.default\">\n\t\t\t\t<div class=\"elementor-widget-container\">\n\t\t\t\t\t<h2 class=\"elementor-heading-title elementor-size-default\">Deadlines<\/h2>\t\t\t\t<\/div>\n\t\t\t\t<\/div>\n\t\t\t\t<div class=\"elementor-element elementor-element-207b0e4 elementor-widget elementor-widget-text-editor\" data-id=\"207b0e4\" data-element_type=\"widget\" data-e-type=\"widget\" data-widget_type=\"text-editor.default\">\n\t\t\t\t<div class=\"elementor-widget-container\">\n\t\t\t\t\t\t\t\t\t<p><s><b>July 28, 2025: <\/b><span style=\"font-weight: 400;\">Submission deadline<\/span><\/s><\/p><p><span style=\"font-weight: bold;\">August 1, 2025:\u00a0<\/span>Submission deadline (FIRM)<span style=\"font-weight: 400;\"><br \/><\/span><b>August 25, 2025: <\/b><span style=\"font-weight: 400;\">Final notification<\/span><span style=\"font-weight: 400;\"><br \/><\/span><b>September 5, 2025: <\/b><span style=\"font-weight: 400;\">Camera-ready<\/span><\/p><p><b>Warning:<\/b><span style=\"font-weight: 400;\"> All deadlines expire at 23:59 PDT. Incomplete or late submissions will not be considered.<\/span><\/p>\t\t\t\t\t\t\t\t<\/div>\n\t\t\t\t<\/div>\n\t\t\t\t<div class=\"elementor-element elementor-element-f439c91 elementor-widget elementor-widget-text-editor\" data-id=\"f439c91\" data-element_type=\"widget\" data-e-type=\"widget\" data-widget_type=\"text-editor.default\">\n\t\t\t\t<div class=\"elementor-widget-container\">\n\t\t\t\t\t\t\t\t\t<p>SVR 2025 will host five workshops with posters in the areas of virtual, augmented, and mixed realities: the Contest of Theses and Dissertations (CTD), the Workshop of Theses and Dissertations (WTD), the Workshop of Undergraduate Works (WUW), the Workshop of Works in Progress (WIP) and the Workshop of XR Experiences (WXE). Presenting a poster is a great opportunity to get feedback on ongoing or finished research\/technology development. Manuscripts submitted to this track must be in English or Portuguese and must be prepared following the template available below. All submissions will pass through a single-blind review process by at least two experts on the topic of the work, and thus, all submitted manuscripts <b>should <u>NOT<\/u> be anonymized<\/b>.<\/p><p>All accepted submissions will be published in the SBC OpenLib. All accepted submissions must be presented at the conference. No-show submissions will not be included in the program and will not be published in the SBC OpenLib.<\/p>\t\t\t\t\t\t\t\t<\/div>\n\t\t\t\t<\/div>\n\t\t\t\t\t<\/div>\n\t\t\t\t<\/div>\n\t\t<div class=\"elementor-element elementor-element-f7bf7e4 e-flex e-con-boxed e-con e-child\" data-id=\"f7bf7e4\" data-element_type=\"container\" data-e-type=\"container\">\n\t\t\t\t\t<div class=\"e-con-inner\">\n\t\t\t\t<div class=\"elementor-element elementor-element-bb3a197 elementor-widget elementor-widget-heading\" data-id=\"bb3a197\" data-element_type=\"widget\" data-e-type=\"widget\" data-widget_type=\"heading.default\">\n\t\t\t\t<div class=\"elementor-widget-container\">\n\t\t\t\t\t<h2 class=\"elementor-heading-title elementor-size-default\">Submission Instructions<\/h2>\t\t\t\t<\/div>\n\t\t\t\t<\/div>\n\t\t\t\t<div class=\"elementor-element elementor-element-46c2281 elementor-widget elementor-widget-text-editor\" data-id=\"46c2281\" data-element_type=\"widget\" data-e-type=\"widget\" data-widget_type=\"text-editor.default\">\n\t\t\t\t<div class=\"elementor-widget-container\">\n\t\t\t\t\t\t\t\t\t<p>Authors must submit a short paper that should contain between 3 and 5 pages (excluding references). The submissions will be performed through the&nbsp;<a href=\"https:\/\/jems3.sbc.org.br\/svr2025-workshops\"><b>JEMS System<\/b><\/a>&nbsp;in the \u201cSVR 2025 &#8211; Workshops\u201d. Each submission should be classified as one of the following categories:<\/p>\n<p><b>1) Contest of Theses and Dissertations (CTD):<\/b>&nbsp;a track focused on PhD\/MSc works in VR\/AR\/MR defended between January 1st, 2024, and the CTD submission deadline.<\/p>\n<p><b>2) Workshop of Theses and Dissertations (WTD):<\/b>&nbsp;a track focused on PhD\/MSc works in VR\/AR\/MR that are in progress.<\/p>\n<p><b>3) Workshop of Undergraduate Works (WUW):<\/b>&nbsp;a track focused on works in VR\/AR\/MR that have as the first author an undergraduate student or a former undergraduate student who graduated after July 09, 2024.<\/p>\n<p><b>\u200d4) Workshop of Works in Progress (WIP):<\/b>&nbsp;a track focused on works in VR\/AR\/MR that report initial ideas and preliminary evaluations of ongoing research or an ongoing effort into an applied problem.<\/p>\n<p><b>5) Workshop of XR Experiences (WXE):<\/b>&nbsp;a track focused on works in VR\/AR\/MR that showcase innovative interactive technologies (live demonstration at the conference is required).<\/p>\n<p>Outstanding works published in the SBC OpenLib will be invited to submit extended versions to a special section in the&nbsp;<a href=\"https:\/\/sol.sbc.org.br\/journals\/index.php\/jis\"><b>SBC Journal on Interactive Systems<\/b><\/a>&nbsp;after the conference.<\/p>\t\t\t\t\t\t\t\t<\/div>\n\t\t\t\t<\/div>\n\t\t\t\t\t<\/div>\n\t\t\t\t<\/div>\n\t\t<div class=\"elementor-element elementor-element-fde4ae0 e-flex e-con-boxed e-con e-child\" data-id=\"fde4ae0\" data-element_type=\"container\" data-e-type=\"container\">\n\t\t\t\t\t<div class=\"e-con-inner\">\n\t\t\t\t<div class=\"elementor-element elementor-element-f015e89 elementor-widget elementor-widget-heading\" data-id=\"f015e89\" data-element_type=\"widget\" data-e-type=\"widget\" data-widget_type=\"heading.default\">\n\t\t\t\t<div class=\"elementor-widget-container\">\n\t\t\t\t\t<h2 class=\"elementor-heading-title elementor-size-default\">Submission Process<\/h2>\t\t\t\t<\/div>\n\t\t\t\t<\/div>\n\t\t\t\t<div class=\"elementor-element elementor-element-a1fafb5 elementor-widget elementor-widget-text-editor\" data-id=\"a1fafb5\" data-element_type=\"widget\" data-e-type=\"widget\" data-widget_type=\"text-editor.default\">\n\t\t\t\t<div class=\"elementor-widget-container\">\n\t\t\t\t\t\t\t\t\t<p>Submissions must follow the\u00a0<a href=\"https:\/\/www.sbc.org.br\/wp-content\/uploads\/2024\/07\/modelosparapublicaodeartigos.zip\"><b>SBC paper template<\/b><\/a>\u00a0and should be written in English or Portuguese.<\/p><p><b>Authors&#8217; names and affiliations should\u00a0<u>NOT<\/u>\u00a0be removed from the submitted manuscript.<\/b>\u00a0The electronic manuscript must be submitted in the Portable Document Format (PDF file). We encourage authors to submit supporting video material in addition to the PDF submission.<\/p><p>WXE submission must include supporting video material.<\/p><p>CTD submissions must submit the full text of the thesis\/dissertation and their certificate or minute of defense in PDF as supplementary material.<\/p>\t\t\t\t\t\t\t\t<\/div>\n\t\t\t\t<\/div>\n\t\t\t\t\t<\/div>\n\t\t\t\t<\/div>\n\t\t<div class=\"elementor-element elementor-element-55eb502 e-flex e-con-boxed e-con e-child\" data-id=\"55eb502\" data-element_type=\"container\" data-e-type=\"container\">\n\t\t\t\t\t<div class=\"e-con-inner\">\n\t\t\t\t<div class=\"elementor-element elementor-element-9327caf elementor-widget elementor-widget-heading\" data-id=\"9327caf\" data-element_type=\"widget\" data-e-type=\"widget\" data-widget_type=\"heading.default\">\n\t\t\t\t<div class=\"elementor-widget-container\">\n\t\t\t\t\t<h2 class=\"elementor-heading-title elementor-size-default\">Camera-ready Submissions<\/h2>\t\t\t\t<\/div>\n\t\t\t\t<\/div>\n\t\t\t\t<div class=\"elementor-element elementor-element-950854a elementor-widget elementor-widget-text-editor\" data-id=\"950854a\" data-element_type=\"widget\" data-e-type=\"widget\" data-widget_type=\"text-editor.default\">\n\t\t\t\t<div class=\"elementor-widget-container\">\n\t\t\t\t\t\t\t\t\t<p>The final version of your paper must be submitted with the signed Copyright Form (<a href=\"https:\/\/drive.google.com\/file\/d\/19w9sFLN8oiG8LoTELqLotMIGgyRgyb7w\/view?usp=sharing\">Portuguese<\/a> | <a href=\"https:\/\/drive.google.com\/file\/d\/14fJ9lHFes6eQj_XN3wcqRKflDRyjJPVi\/view?usp=sharing\">English<\/a>).<\/p>\t\t\t\t\t\t\t\t<\/div>\n\t\t\t\t<\/div>\n\t\t\t\t\t<\/div>\n\t\t\t\t<\/div>\n\t\t<div class=\"elementor-element elementor-element-5531b55 e-flex e-con-boxed e-con e-child\" data-id=\"5531b55\" data-element_type=\"container\" data-e-type=\"container\">\n\t\t\t\t\t<div class=\"e-con-inner\">\n\t\t\t\t<div class=\"elementor-element elementor-element-7809db2 elementor-widget elementor-widget-heading\" data-id=\"7809db2\" data-element_type=\"widget\" data-e-type=\"widget\" data-widget_type=\"heading.default\">\n\t\t\t\t<div class=\"elementor-widget-container\">\n\t\t\t\t\t<h2 class=\"elementor-heading-title elementor-size-default\">Presentation<\/h2>\t\t\t\t<\/div>\n\t\t\t\t<\/div>\n\t\t\t\t<div class=\"elementor-element elementor-element-b02b0f3 elementor-widget elementor-widget-text-editor\" data-id=\"b02b0f3\" data-element_type=\"widget\" data-e-type=\"widget\" data-widget_type=\"text-editor.default\">\n\t\t\t\t<div class=\"elementor-widget-container\">\n\t\t\t\t\t\t\t\t\t<p>Accepted works must be presented in the SVR Workshops poster session. CTD, WTD, and WUW posters must be presented by the student author. Live demonstrations during poster presentations are welcome (and are mandatory for WXE works). More information about poster presentations will be sent to the authors of accepted posters.<\/p>\t\t\t\t\t\t\t\t<\/div>\n\t\t\t\t<\/div>\n\t\t\t\t\t<\/div>\n\t\t\t\t<\/div>\n\t\t<div class=\"elementor-element elementor-element-4cf7a83 e-flex e-con-boxed e-con e-child\" data-id=\"4cf7a83\" data-element_type=\"container\" data-e-type=\"container\">\n\t\t\t\t\t<div class=\"e-con-inner\">\n\t\t\t\t<div class=\"elementor-element elementor-element-74e5c53 elementor-widget elementor-widget-heading\" data-id=\"74e5c53\" data-element_type=\"widget\" data-e-type=\"widget\" data-widget_type=\"heading.default\">\n\t\t\t\t<div class=\"elementor-widget-container\">\n\t\t\t\t\t<h2 class=\"elementor-heading-title elementor-size-default\">Workshops Chairs\n\n<\/h2>\t\t\t\t<\/div>\n\t\t\t\t<\/div>\n\t\t\t\t<div class=\"elementor-element elementor-element-ae013d2 elementor-widget elementor-widget-text-editor\" data-id=\"ae013d2\" data-element_type=\"widget\" data-e-type=\"widget\" data-widget_type=\"text-editor.default\">\n\t\t\t\t<div class=\"elementor-widget-container\">\n\t\t\t\t\t\t\t\t\t<p><b>Rafael Rieder<br><\/b>Universidade de Passo Fundo, Brazil<br>rieder@upf.br<\/p>\n<p><b>Fabiana Peres<br><\/b>Universidade Estadual do Oeste do Paran\u00e1, Brazil<br>fabiana.peres@unioeste.br<\/p>\n<p><b>Rafael Roberto<br><\/b>Instituto SENAI de Inova\u00e7\u00e3o em Tecnologia da Informa\u00e7\u00e3o, Pernambuco, Brazil<br>rar3@cin.ufpe.br<\/p>\t\t\t\t\t\t\t\t<\/div>\n\t\t\t\t<\/div>\n\t\t\t\t\t<\/div>\n\t\t\t\t<\/div>\n\t\t\t\t<\/div>\n\t\t\t\t<\/div>\n\t\t","protected":false},"excerpt":{"rendered":"<p>Workshops &#8211; Call for Posters Deadlines July 28, 2025: Submission deadline August 1, 2025:\u00a0Submission deadline (FIRM)August 25, 2025: Final notificationSeptember [&hellip;]<\/p>\n","protected":false},"author":7,"featured_media":0,"parent":0,"menu_order":0,"comment_status":"closed","ping_status":"closed","template":"","meta":{"site-sidebar-layout":"no-sidebar","site-content-layout":"","ast-site-content-layout":"full-width-container","site-content-style":"default","site-sidebar-style":"default","ast-global-header-display":"","ast-banner-title-visibility":"","ast-main-header-display":"","ast-hfb-above-header-display":"","ast-hfb-below-header-display":"","ast-hfb-mobile-header-display":"","site-post-title":"disabled","ast-breadcrumbs-content":"","ast-featured-img":"disabled","footer-sml-layout":"","ast-disable-related-posts":"","theme-transparent-header-meta":"","adv-header-id-meta":"","stick-header-meta":"","header-above-stick-meta":"","header-main-stick-meta":"","header-below-stick-meta":"","astra-migrate-meta-layouts":"default","ast-page-background-enabled":"default","ast-page-background-meta":{"desktop":{"background-color":"var(--ast-global-color-4)","background-image":"","background-repeat":"repeat","background-position":"center center","background-size":"auto","background-attachment":"scroll","background-type":"","background-media":"","overlay-type":"","overlay-color":"","overlay-opacity":"","overlay-gradient":""},"tablet":{"background-color":"","background-image":"","background-repeat":"repeat","background-position":"center center","background-size":"auto","background-attachment":"scroll","background-type":"","background-media":"","overlay-type":"","overlay-color":"","overlay-opacity":"","overlay-gradient":""},"mobile":{"background-color":"","background-image":"","background-repeat":"repeat","background-position":"center center","background-size":"auto","background-attachment":"scroll","background-type":"","background-media":"","overlay-type":"","overlay-color":"","overlay-opacity":"","overlay-gradient":""}},"ast-content-background-meta":{"desktop":{"background-color":"var(--ast-global-color-5)","background-image":"","background-repeat":"repeat","background-position":"center center","background-size":"auto","background-attachment":"scroll","background-type":"","background-media":"","overlay-type":"","overlay-color":"","overlay-opacity":"","overlay-gradient":""},"tablet":{"background-color":"var(--ast-global-color-5)","background-image":"","background-repeat":"repeat","background-position":"center center","background-size":"auto","background-attachment":"scroll","background-type":"","background-media":"","overlay-type":"","overlay-color":"","overlay-opacity":"","overlay-gradient":""},"mobile":{"background-color":"var(--ast-global-color-5)","background-image":"","background-repeat":"repeat","background-position":"center center","background-size":"auto","background-attachment":"scroll","background-type":"","background-media":"","overlay-type":"","overlay-color":"","overlay-opacity":"","overlay-gradient":""}},"footnotes":""},"class_list":["post-4830","page","type-page","status-publish","hentry"],"_links":{"self":[{"href":"https:\/\/svr.sbc.org.br\/2025\/index.php\/wp-json\/wp\/v2\/pages\/4830","targetHints":{"allow":["GET"]}}],"collection":[{"href":"https:\/\/svr.sbc.org.br\/2025\/index.php\/wp-json\/wp\/v2\/pages"}],"about":[{"href":"https:\/\/svr.sbc.org.br\/2025\/index.php\/wp-json\/wp\/v2\/types\/page"}],"author":[{"embeddable":true,"href":"https:\/\/svr.sbc.org.br\/2025\/index.php\/wp-json\/wp\/v2\/users\/7"}],"replies":[{"embeddable":true,"href":"https:\/\/svr.sbc.org.br\/2025\/index.php\/wp-json\/wp\/v2\/comments?post=4830"}],"version-history":[{"count":27,"href":"https:\/\/svr.sbc.org.br\/2025\/index.php\/wp-json\/wp\/v2\/pages\/4830\/revisions"}],"predecessor-version":[{"id":5316,"href":"https:\/\/svr.sbc.org.br\/2025\/index.php\/wp-json\/wp\/v2\/pages\/4830\/revisions\/5316"}],"wp:attachment":[{"href":"https:\/\/svr.sbc.org.br\/2025\/index.php\/wp-json\/wp\/v2\/media?parent=4830"}],"curies":[{"name":"wp","href":"https:\/\/api.w.org\/{rel}","templated":true}]}}